{"id":929,"date":"2022-09-13T09:52:26","date_gmt":"2022-09-13T07:52:26","guid":{"rendered":"https:\/\/www.kindermann.de\/wp\/?page_id=929"},"modified":"2025-06-23T16:23:32","modified_gmt":"2025-06-23T14:23:32","slug":"kindermann-highlights","status":"publish","type":"page","link":"https:\/\/www.kindermann.de\/company\/kindermann-highlights\/","title":{"rendered":"Kindermann-Highlights"},"content":{"rendered":"<div class=\"main_slider_block  \">\n\t\t<div class=\"main_teaser main_teaser_default  main_teaser_slider_143fdcc8ac5d3a82860a943e1505125f\" data-class=\"main_teaser_slider_143fdcc8ac5d3a82860a943e1505125f\" data-duration=\"15\">\n\t\t\t\t\t<div class=\"main_slide main_slide_static\">\n\t\t\t\t\t\t\t\t<div class=\"main_slide_gallery main_slide_gallery_7c30903226d98cc0df4b644b9528e9e5\" data-class=\"main_slide_gallery_7c30903226d98cc0df4b644b9528e9e5\">\n\t\t\t\t<div class=\"main_slide_gallery_slide\"><img decoding=\"async\" width=\"2368\" height=\"911\" src=\"https:\/\/www.kindermann.de\/company\/wp-content\/uploads\/2022\/09\/NW1-1.jpg\" class=\"open_mylightbox\" alt=\"\" data-desc=\"\" ><\/div><div class=\"main_slide_gallery_slide\"><img decoding=\"async\" width=\"2974\" height=\"1145\" src=\"https:\/\/www.kindermann.de\/company\/wp-content\/uploads\/2022\/09\/Huddle65M-Szene-02-Kopie-2.png\" class=\"open_mylightbox\" alt=\"\" data-desc=\"\" ><\/div><div class=\"main_slide_gallery_slide\"><img decoding=\"async\" width=\"2560\" height=\"985\" src=\"https:\/\/www.kindermann.de\/company\/wp-content\/uploads\/2022\/09\/KS_2-scaled.jpg\" class=\"open_mylightbox\" alt=\"\" data-desc=\"\" ><\/div><div class=\"main_slide_gallery_slide\"><img decoding=\"async\" width=\"2560\" height=\"986\" src=\"https:\/\/www.kindermann.de\/company\/wp-content\/uploads\/2023\/03\/Konnect-Header-2023-V2-scaled.jpg\" class=\"open_mylightbox\" alt=\"\" data-desc=\"\" ><\/div>\t\t\t\t<\/div>\n\t\t\t\t<div class=\"main_slide_text_outer main_slide_text_outer_spark_1_r\">\n\t\t\t\t\t<div class=\"main_slide_text main_slide_text_spark_1_r main_slide_text_white main_slide_text_lines_show\">\n\t\t\t\t\t\t<div class=\"main_slide_text_angle_h\"><\/div>\n\t\t\t\t\t\t<div class=\"main_slide_text_angle_v\"><\/div>\n\t\t\t\t\t\t<div class=\"main_slide_text_inner\">\n\t\t\t\t\t\t\t\n\t\t\t\t\t\t\t<h1 style=\"text-align: left\"><span style=\"color: #e80029\"><strong>Kindermann<\/strong><\/span><br >\nwe proudly present.<\/h1>\n<p>&nbsp;<\/p>\n\t\t\t\t\t\t\t\t\t\t\t\t\t\t\n\t\t\t\t\t\t\t\t\t\t\t\t\t<\/div>\n\t\t\t\t\t<\/div>\n\t\t\t\t<\/div>\n\t\t\t<\/div>\n\t\t\t<\/div>\n<\/div>\n\n\n<div class=\"text_group text_group_ box_ box_\" id=\"  \">\n\t<div class=\"text_group_content \">\n\t\t\n\n<p class=\"has-medium-font-size\">Dank der hauseignen Entwicklungsabteilung entstehen L\u00f6sungen, die sich von der Masse abheben. Ein Hauptaugenmerk liegt dabei stets auf einer einfachen und schnellen Installation sowie intuitiven Nutzung. Dar\u00fcber hinaus steht auch der Designaspekt im Fokus. Die Produkte von Kindermann stehen f\u00fcr Wertigkeit und f\u00fcgen sich nahtlos in jedes Ambiente ein.&nbsp;<\/p>\n\n\n\t<\/div>\n<\/div>\n\n\n\n<div style=\"height:100px\" aria-hidden=\"true\" class=\"wp-block-spacer\"><\/div>\n\n\n\n<div class=\"wp-block-columns is-layout-flex wp-container-core-columns-is-layout-9d6595d7 wp-block-columns-is-layout-flex\">\n<div class=\"wp-block-column is-layout-flow wp-block-column-is-layout-flow\" style=\"flex-basis:50%\"><div class=\"image_teaser image_teaser_fixed_height  \" style=\"height: 350px; \">\n\t\n\t\t<a href=\"https:\/\/www.kindermann.de\/company\/highlights-kindermann\/cableport-office\/\" target=\"\">\t\t<div class=\"video_teaser_text image_teaser_text\">\n\t\t\t<p><strong><span style=\"color: #e80029\">CablePort Office<\/span><\/strong><\/p>\n<h2><strong><span style=\"color: #000000\">Powerful connections<\/span><\/strong><\/h2>\n\t\t<\/div>\n\n\t\t<img decoding=\"async\" width=\"2560\" height=\"1280\" src=\"https:\/\/www.kindermann.de\/company\/wp-content\/uploads\/2022\/09\/CablePort-Office_teaser_1-scaled.jpg\" class=\"attachment-full size-full\" alt=\"\" data-desc=\"\" >\t<div class=\"teaser_link_arrow\"><span class=\"arrow arrow-right\"><\/span><\/div><\/a><\/div>\n<\/div>\n\n\n\n<div class=\"wp-block-column is-layout-flow wp-block-column-is-layout-flow\" style=\"flex-basis:50%\"><div class=\"image_teaser image_teaser_fixed_height  \" style=\"height: 350px; \">\n\t\n\t\t<a href=\"https:\/\/www.kindermann.de\/company\/highlights-kindermann\/displayshift-2\/\" target=\"\">\t\t<div class=\"video_teaser_text image_teaser_text\">\n\t\t\t<p><strong><span style=\"color: #e80029\">Next class<\/span><\/strong><\/p>\n<h2><strong>DisplayShift\u00b2<\/strong><\/h2>\n\t\t<\/div>\n\n\t\t<img decoding=\"async\" width=\"2500\" height=\"1667\" src=\"https:\/\/www.kindermann.de\/company\/wp-content\/uploads\/2022\/09\/image-2.jpeg\" class=\"attachment-full size-full\" alt=\"\" data-desc=\"\" >\t<div class=\"teaser_link_arrow\"><span class=\"arrow arrow-right\"><\/span><\/div><\/a><\/div>\n<\/div>\n<\/div>\n\n\n\n<div style=\"height:60px\" aria-hidden=\"true\" class=\"wp-block-spacer\"><\/div>\n\n\n\n<div class=\"wp-block-columns is-layout-flex wp-container-core-columns-is-layout-9d6595d7 wp-block-columns-is-layout-flex\">\n<div class=\"wp-block-column is-layout-flow wp-block-column-is-layout-flow\"><div class=\"image_teaser image_teaser_fixed_height  \" style=\"height: 350px; \">\n\t\n\t\t<a href=\"https:\/\/www.kindermann.de\/company\/highlights-kindermann\/huddle-65\/\" target=\"\">\t\t<div class=\"video_teaser_text image_teaser_text\">\n\t\t\t<p><strong><span style=\"color: #ffffff\">Kindermann<\/span><\/strong><\/p>\n<h2><strong><span style=\"color: #ffffff\">Huddle\u2076\u2075<br >\n<\/span><\/strong>all-in-one<\/h2>\n\t\t<\/div>\n\n\t\t<img decoding=\"async\" width=\"2560\" height=\"985\" src=\"https:\/\/www.kindermann.de\/company\/wp-content\/uploads\/2022\/09\/Huddle65M-Szene-Stage-scaled.jpg\" class=\"attachment-full size-full\" alt=\"\" data-desc=\"\" >\t<div class=\"teaser_link_arrow\"><span class=\"arrow arrow-right\"><\/span><\/div><\/a><\/div>\n<\/div>\n\n\n\n<div class=\"wp-block-column is-layout-flow wp-block-column-is-layout-flow\"><div class=\"image_teaser image_teaser_fixed_height  \" style=\"height: 350px; \">\n\t\n\t\t<a href=\"https:\/\/www.klickandshow.com\/k-fx\/\" target=\"_blank\">\t\t<div class=\"video_teaser_text image_teaser_text\">\n\t\t\t<p><strong><span style=\"color: #e80029\">KLICK&amp;SHOW<\/span><\/strong><\/p>\n<h2><strong><span style=\"color: #ffffff\">Wireless Collaboration &amp;<br >\nConferencing<\/span><\/strong><\/h2>\n\t\t<\/div>\n\n\t\t<img decoding=\"async\" width=\"2560\" height=\"1280\" src=\"https:\/\/www.kindermann.de\/company\/wp-content\/uploads\/2022\/09\/KlickandShow-K-FX_Base-und-Kits_Teaser-scaled.jpg\" class=\"attachment-full size-full\" alt=\"\" data-desc=\"\" >\t<div class=\"teaser_link_arrow\"><span class=\"arrow arrow-right\"><\/span><\/div><\/a><\/div>\n<\/div>\n<\/div>\n\n\n\n<div style=\"height:60px\" aria-hidden=\"true\" class=\"wp-block-spacer\"><\/div>\n\n\n\n<div class=\"wp-block-columns is-layout-flex wp-container-core-columns-is-layout-9d6595d7 wp-block-columns-is-layout-flex\">\n<div class=\"wp-block-column is-layout-flow wp-block-column-is-layout-flow\" style=\"flex-basis:33.33%\"><div class=\"image_teaser image_teaser_fixed_height  \" style=\"height: 350px; \">\n\t\n\t\t<a href=\"https:\/\/konnect.kindermann.de\/#\/\" target=\"_blank\">\t\t<div class=\"video_teaser_text image_teaser_text\">\n\t\t\t<p><strong><span style=\"color: #e80029\">Kindermann proudly presents<\/span><\/strong><\/p>\n<h2><strong><span style=\"color: #000000\">Konnect Modulplaner<\/span> <\/strong><\/h2>\n\t\t<\/div>\n\n\t\t<img decoding=\"async\" width=\"1978\" height=\"904\" src=\"https:\/\/www.kindermann.de\/company\/wp-content\/uploads\/2022\/09\/modulplaner.jpg\" class=\"attachment-full size-full\" alt=\"\" data-desc=\"\" >\t<div class=\"teaser_link_arrow\"><span class=\"arrow arrow-right\"><\/span><\/div><\/a><\/div>\n<\/div>\n\n\n\n<div class=\"wp-block-column is-layout-flow wp-block-column-is-layout-flow\" style=\"flex-basis:66.66%\"><div class=\"image_teaser image_teaser_fixed_height  \" style=\"height: 350px; \">\n\t\n\t\t<a href=\"https:\/\/touchdisplays.eu\" target=\"_blank\">\t\t<div class=\"video_teaser_text image_teaser_text\">\n\t\t\t<p><strong><span style=\"color: #e80029\">Kindermann proudly presents<\/span><\/strong><\/p>\n<h2><strong><span style=\"color: #ffffff\">Die neue Touchdisplay Generation<\/span> <\/strong><\/h2>\n\t\t<\/div>\n\n\t\t<img decoding=\"async\" width=\"2560\" height=\"985\" src=\"https:\/\/www.kindermann.de\/company\/wp-content\/uploads\/2024\/10\/TD-11xx2-Kachel.jpg\" class=\"attachment-full size-full\" alt=\"\" data-desc=\"\" >\t<div class=\"teaser_link_arrow\"><span class=\"arrow arrow-right\"><\/span><\/div><\/a><\/div>\n<\/div>\n<\/div>\n\n\n\n<div style=\"height:110px\" aria-hidden=\"true\" class=\"wp-block-spacer\"><\/div>\n","protected":false},"excerpt":{"rendered":"","protected":false},"author":3,"featured_media":0,"parent":0,"menu_order":0,"comment_status":"closed","ping_status":"closed","template":"","meta":{"_acf_changed":false,"footnotes":""},"class_list":["post-929","page","type-page","status-publish","format-standard","hentry"],"acf":[],"yoast_head":"<!-- This site is optimized with the Yoast SEO plugin v26.8 - https:\/\/yoast.com\/product\/yoast-seo-wordpress\/ -->\n<title>Kindermann-Highlights - Kindermann GmbH<\/title>\n<meta name=\"description\" content=\"Dank der hauseignen Entwicklungsabteilung in Deutschland entstehen bei Kindermann L\u00f6sungen, die sich durch ihre Wertigkeit von der Masse abheben.\" \/>\n<meta name=\"robots\" content=\"index, follow, max-snippet:-1, max-image-preview:large, max-video-preview:-1\" \/>\n<link rel=\"canonical\" href=\"https:\/\/www.kindermann.de\/company\/kindermann-highlights\/\" \/>\n<meta property=\"og:locale\" content=\"de_DE\" \/>\n<meta property=\"og:type\" content=\"article\" \/>\n<meta property=\"og:title\" content=\"Kindermann-Highlights - Kindermann GmbH\" \/>\n<meta property=\"og:description\" content=\"Dank der hauseignen Entwicklungsabteilung in Deutschland entstehen bei Kindermann L\u00f6sungen, die sich durch ihre Wertigkeit von der Masse abheben.\" \/>\n<meta property=\"og:url\" content=\"https:\/\/www.kindermann.de\/company\/kindermann-highlights\/\" \/>\n<meta property=\"og:site_name\" content=\"Kindermann GmbH\" \/>\n<meta property=\"article:publisher\" content=\"https:\/\/www.facebook.com\/KindermannGmbH\/\" \/>\n<meta property=\"article:modified_time\" content=\"2025-06-23T14:23:32+00:00\" \/>\n<meta name=\"twitter:card\" content=\"summary_large_image\" \/>\n<meta name=\"twitter:label1\" content=\"Gesch\u00e4tzte Lesezeit\" \/>\n\t<meta name=\"twitter:data1\" content=\"1\u00a0Minute\" \/>\n<script type=\"application\/ld+json\" class=\"yoast-schema-graph\">{\"@context\":\"https:\/\/schema.org\",\"@graph\":[{\"@type\":\"WebPage\",\"@id\":\"https:\/\/www.kindermann.de\/company\/kindermann-highlights\/\",\"url\":\"https:\/\/www.kindermann.de\/company\/kindermann-highlights\/\",\"name\":\"Kindermann-Highlights - Kindermann GmbH\",\"isPartOf\":{\"@id\":\"https:\/\/www.kindermann.de\/company\/#website\"},\"datePublished\":\"2022-09-13T07:52:26+00:00\",\"dateModified\":\"2025-06-23T14:23:32+00:00\",\"description\":\"Dank der hauseignen Entwicklungsabteilung in Deutschland entstehen bei Kindermann L\u00f6sungen, die sich durch ihre Wertigkeit von der Masse abheben.\",\"breadcrumb\":{\"@id\":\"https:\/\/www.kindermann.de\/company\/kindermann-highlights\/#breadcrumb\"},\"inLanguage\":\"de\",\"potentialAction\":[{\"@type\":\"ReadAction\",\"target\":[\"https:\/\/www.kindermann.de\/company\/kindermann-highlights\/\"]}]},{\"@type\":\"BreadcrumbList\",\"@id\":\"https:\/\/www.kindermann.de\/company\/kindermann-highlights\/#breadcrumb\",\"itemListElement\":[{\"@type\":\"ListItem\",\"position\":1,\"name\":\"Startseite\",\"item\":\"https:\/\/www.kindermann.de\/company\/\"},{\"@type\":\"ListItem\",\"position\":2,\"name\":\"Kindermann-Highlights\"}]},{\"@type\":\"WebSite\",\"@id\":\"https:\/\/www.kindermann.de\/company\/#website\",\"url\":\"https:\/\/www.kindermann.de\/company\/\",\"name\":\"Kindermann GmbH\",\"description\":\"\",\"publisher\":{\"@id\":\"https:\/\/www.kindermann.de\/company\/#organization\"},\"potentialAction\":[{\"@type\":\"SearchAction\",\"target\":{\"@type\":\"EntryPoint\",\"urlTemplate\":\"https:\/\/www.kindermann.de\/company\/?s={search_term_string}\"},\"query-input\":{\"@type\":\"PropertyValueSpecification\",\"valueRequired\":true,\"valueName\":\"search_term_string\"}}],\"inLanguage\":\"de\"},{\"@type\":\"Organization\",\"@id\":\"https:\/\/www.kindermann.de\/company\/#organization\",\"name\":\"Kindermann GmbH\",\"url\":\"https:\/\/www.kindermann.de\/company\/\",\"logo\":{\"@type\":\"ImageObject\",\"inLanguage\":\"de\",\"@id\":\"https:\/\/www.kindermann.de\/company\/#\/schema\/logo\/image\/\",\"url\":\"https:\/\/www.kindermann.de\/company\/wp-content\/uploads\/2022\/10\/Kindermann_Logo_300_100.png\",\"contentUrl\":\"https:\/\/www.kindermann.de\/company\/wp-content\/uploads\/2022\/10\/Kindermann_Logo_300_100.png\",\"width\":300,\"height\":100,\"caption\":\"Kindermann GmbH\"},\"image\":{\"@id\":\"https:\/\/www.kindermann.de\/company\/#\/schema\/logo\/image\/\"},\"sameAs\":[\"https:\/\/www.facebook.com\/KindermannGmbH\/\",\"https:\/\/www.xing.com\/pages\/kindermanngmbh\",\"https:\/\/www.linkedin.com\/company\/kindermann-gmbh\"]}]}<\/script>\n<!-- \/ Yoast SEO plugin. -->","yoast_head_json":{"title":"Kindermann-Highlights - Kindermann GmbH","description":"Dank der hauseignen Entwicklungsabteilung in Deutschland entstehen bei Kindermann L\u00f6sungen, die sich durch ihre Wertigkeit von der Masse abheben.","robots":{"index":"index","follow":"follow","max-snippet":"max-snippet:-1","max-image-preview":"max-image-preview:large","max-video-preview":"max-video-preview:-1"},"canonical":"https:\/\/www.kindermann.de\/company\/kindermann-highlights\/","og_locale":"de_DE","og_type":"article","og_title":"Kindermann-Highlights - Kindermann GmbH","og_description":"Dank der hauseignen Entwicklungsabteilung in Deutschland entstehen bei Kindermann L\u00f6sungen, die sich durch ihre Wertigkeit von der Masse abheben.","og_url":"https:\/\/www.kindermann.de\/company\/kindermann-highlights\/","og_site_name":"Kindermann GmbH","article_publisher":"https:\/\/www.facebook.com\/KindermannGmbH\/","article_modified_time":"2025-06-23T14:23:32+00:00","twitter_card":"summary_large_image","twitter_misc":{"Gesch\u00e4tzte Lesezeit":"1\u00a0Minute"},"schema":{"@context":"https:\/\/schema.org","@graph":[{"@type":"WebPage","@id":"https:\/\/www.kindermann.de\/company\/kindermann-highlights\/","url":"https:\/\/www.kindermann.de\/company\/kindermann-highlights\/","name":"Kindermann-Highlights - Kindermann GmbH","isPartOf":{"@id":"https:\/\/www.kindermann.de\/company\/#website"},"datePublished":"2022-09-13T07:52:26+00:00","dateModified":"2025-06-23T14:23:32+00:00","description":"Dank der hauseignen Entwicklungsabteilung in Deutschland entstehen bei Kindermann L\u00f6sungen, die sich durch ihre Wertigkeit von der Masse abheben.","breadcrumb":{"@id":"https:\/\/www.kindermann.de\/company\/kindermann-highlights\/#breadcrumb"},"inLanguage":"de","potentialAction":[{"@type":"ReadAction","target":["https:\/\/www.kindermann.de\/company\/kindermann-highlights\/"]}]},{"@type":"BreadcrumbList","@id":"https:\/\/www.kindermann.de\/company\/kindermann-highlights\/#breadcrumb","itemListElement":[{"@type":"ListItem","position":1,"name":"Startseite","item":"https:\/\/www.kindermann.de\/company\/"},{"@type":"ListItem","position":2,"name":"Kindermann-Highlights"}]},{"@type":"WebSite","@id":"https:\/\/www.kindermann.de\/company\/#website","url":"https:\/\/www.kindermann.de\/company\/","name":"Kindermann GmbH","description":"","publisher":{"@id":"https:\/\/www.kindermann.de\/company\/#organization"},"potentialAction":[{"@type":"SearchAction","target":{"@type":"EntryPoint","urlTemplate":"https:\/\/www.kindermann.de\/company\/?s={search_term_string}"},"query-input":{"@type":"PropertyValueSpecification","valueRequired":true,"valueName":"search_term_string"}}],"inLanguage":"de"},{"@type":"Organization","@id":"https:\/\/www.kindermann.de\/company\/#organization","name":"Kindermann GmbH","url":"https:\/\/www.kindermann.de\/company\/","logo":{"@type":"ImageObject","inLanguage":"de","@id":"https:\/\/www.kindermann.de\/company\/#\/schema\/logo\/image\/","url":"https:\/\/www.kindermann.de\/company\/wp-content\/uploads\/2022\/10\/Kindermann_Logo_300_100.png","contentUrl":"https:\/\/www.kindermann.de\/company\/wp-content\/uploads\/2022\/10\/Kindermann_Logo_300_100.png","width":300,"height":100,"caption":"Kindermann GmbH"},"image":{"@id":"https:\/\/www.kindermann.de\/company\/#\/schema\/logo\/image\/"},"sameAs":["https:\/\/www.facebook.com\/KindermannGmbH\/","https:\/\/www.xing.com\/pages\/kindermanngmbh","https:\/\/www.linkedin.com\/company\/kindermann-gmbh"]}]}},"_links":{"self":[{"href":"https:\/\/www.kindermann.de\/company\/wp-json\/wp\/v2\/pages\/929","targetHints":{"allow":["GET"]}}],"collection":[{"href":"https:\/\/www.kindermann.de\/company\/wp-json\/wp\/v2\/pages"}],"about":[{"href":"https:\/\/www.kindermann.de\/company\/wp-json\/wp\/v2\/types\/page"}],"author":[{"embeddable":true,"href":"https:\/\/www.kindermann.de\/company\/wp-json\/wp\/v2\/users\/3"}],"replies":[{"embeddable":true,"href":"https:\/\/www.kindermann.de\/company\/wp-json\/wp\/v2\/comments?post=929"}],"version-history":[{"count":36,"href":"https:\/\/www.kindermann.de\/company\/wp-json\/wp\/v2\/pages\/929\/revisions"}],"predecessor-version":[{"id":13096,"href":"https:\/\/www.kindermann.de\/company\/wp-json\/wp\/v2\/pages\/929\/revisions\/13096"}],"wp:attachment":[{"href":"https:\/\/www.kindermann.de\/company\/wp-json\/wp\/v2\/media?parent=929"}],"curies":[{"name":"wp","href":"https:\/\/api.w.org\/{rel}","templated":true}]}}