{"id":620,"date":"2022-09-08T17:45:16","date_gmt":"2022-09-08T15:45:16","guid":{"rendered":"https:\/\/www.kindermann.de\/wp\/?page_id=620"},"modified":"2022-12-20T15:28:10","modified_gmt":"2022-12-20T14:28:10","slug":"unternehmen","status":"publish","type":"page","link":"https:\/\/www.kindermann.de\/company\/unternehmen\/","title":{"rendered":"Unternehmen"},"content":{"rendered":"<div class=\"sticky_on_header\">\n\t<div class=\"container\">\n\t\t<div class=\"subnav\">\n\t\t\t<h4>\n\t\t\t\tUnternehmen\t\t\t<\/h4>\n\t\t\t<ul class=\"filter_list\">\n\n\t\t\t\t\n\t\t\t\t\n\t\t\t\t\t\t\t\t\t\t\t\t\t\t<li class=\"\"><a href=\"https:\/\/www.kindermann.de\/company\/unternehmen\/standort\/\">Standort<\/a><\/li>\n\t\t\t\t\t\t\t\t\t\t<li class=\"\"><a href=\"https:\/\/www.kindermann.de\/company\/unternehmen\/karriere\/\">Karriere<\/a><\/li>\n\t\t\t\t\t\t\t\t\t\t<li class=\"\"><a href=\"https:\/\/www.kindermann.de\/company\/unternehmen\/ansprechpartner\/\">Ansprechpartner<\/a><\/li>\n\t\t\t\t\t\t\t\t\t\t<li class=\"\"><a href=\"https:\/\/www.kindermann.de\/company\/unternehmen\/fertigungspartner\/\">Fertigungspartner<\/a><\/li>\n\t\t\t\t\t\t\t\t\t\t<li class=\"\"><a href=\"https:\/\/www.kindermann.de\/company\/unternehmen\/zertifizierungen\/\">Zertifizierungen<\/a><\/li>\n\t\t\t\t\t\t\t\t\t\t\t\t\t\n\t\t\t\t\t\t\t<\/ul>\n\t\t<\/div>\n\t<\/div>\n<\/div>\n\n\n<div class=\"main_slider_block  \">\n\t\t<div class=\"main_teaser main_teaser_default  main_teaser_slider_8f54c02f2e82ff3b708cc18a4c6c92d0\" data-class=\"main_teaser_slider_8f54c02f2e82ff3b708cc18a4c6c92d0\" data-duration=\"8\">\n\t\t\t\t\t<div class=\"main_slide main_slide_static\">\n\t\t\t\t\t\t\t\t<div class=\"main_slide_gallery main_slide_gallery_65ed49fff6a97c476dde05d6eb4b754c\" data-class=\"main_slide_gallery_65ed49fff6a97c476dde05d6eb4b754c\">\n\t\t\t\t<div class=\"main_slide_gallery_slide\"><img decoding=\"async\" width=\"2560\" height=\"890\" src=\"https:\/\/www.kindermann.de\/company\/wp-content\/uploads\/2022\/09\/ueber_uns-scaled.jpg\" class=\"attachment-full size-full\" alt=\"\" data-desc=\"\" ><\/div>\t\t\t\t<\/div>\n\t\t\t\t<div class=\"main_slide_text_outer main_slide_text_outer_spark_1_l\">\n\t\t\t\t\t<div class=\"main_slide_text main_slide_text_spark_1_l main_slide_text_ main_slide_text_lines_show\">\n\t\t\t\t\t\t<div class=\"main_slide_text_angle_h\"><\/div>\n\t\t\t\t\t\t<div class=\"main_slide_text_angle_v\"><\/div>\n\t\t\t\t\t\t<div class=\"main_slide_text_inner\">\n\t\t\t\t\t\t\t\n\t\t\t\t\t\t\t<h1><span style=\"color: #e80029\">Kindermann \u2013<\/span><br >\n<strong>We proudly present<\/strong><\/h1>\n\t\t\t\t\t\t\t\t\t\t\t\t\t\t\n\t\t\t\t\t\t\t\t\t\t\t\t\t<\/div>\n\t\t\t\t\t<\/div>\n\t\t\t\t<\/div>\n\t\t\t<\/div>\n\t\t\t<\/div>\n<\/div>\n\n\n\n<div style=\"height:60px\" aria-hidden=\"true\" class=\"wp-block-spacer\"><\/div>\n\n\n\n<h2 class=\"wp-block-heading\"><strong>\u2026 das Unternehmen<\/strong><\/h2>\n\n\n\n<p class=\"has-medium-font-size\">Kindermann, gegr\u00fcndet 1861, ist das \u00e4lteste Unternehmen in der Pro AV-Branche und z\u00e4hlt heute zu den f\u00fchrenden Anbietern, die als Hersteller und Distributor agieren. Kindermann hat es auf intelligente Weise immer wieder geschafft, sich neuen Marktgegebenheiten nicht nur anzupassen, sondern Technologien auch voranzutreiben.<\/p>\n\n\n<div class=\"text_group text_group_ box_ box_\" id=\"  \">\n\t<div class=\"text_group_content \">\n\t\t\n\n<p class=\"has-medium-font-size\"><\/p>\n\n\n\n<h3 class=\"wp-block-heading\"><strong>Kindermann steht f\u00fcr Conferencing, Collaboration und Connectivity<\/strong><\/h3>\n\n\n\n<p>Die Arbeitswelt und das Bildungswesen haben sich massiv ver\u00e4ndert. Die Zusammenarbeit in hybriden Teams und digitaler Unterricht stellen neue Anforderungen an das technische Equipment. Genau hier kommt Kindermann mit seinen smarten L\u00f6sungen ins Spiel. Smart steht f\u00fcr intelligent, vernetzt, intuitiv bedienbar, aber auch f\u00fcr ausgefeiltes Design.<\/p>\n\n\n\n<p>Das Unternehmen hat das eigene Portfolio ausgebaut und ist damit international vertreten. So erfreut sich beispielsweise die Produktfamilie KLICK &amp; SHOW auch im europ\u00e4ischen Ausland gro\u00dfer Beliebtheit. Sie zeigt, wie einfach drahtlose Zusammenarbeit und Conferencing funktionieren kann. Der Siegeszug der Kindermann Touchdisplays basiert nicht nur auf der zukunftsweisenden Technologie, sondern ist vor allem auf die eigenentwickelte intuitive Bedienoberfl\u00e4che zur\u00fcckzuf\u00fchren. Am Standort Eibelstadt bei W\u00fcrzburg werden Serienprodukte wie Tischanschlussfelder, Halterungen, Deckenlifte und Medienm\u00f6bel entwickelt und gefertigt. Dar\u00fcber hinaus k\u00f6nnen hier exklusive Kundenw\u00fcnsche schnell umgesetzt werden.<\/p>\n\n\n\n<p>Erg\u00e4nzt um ein breites Produktportfolio in der Distribution, genie\u00dft Kindermann einen ausgezeichneten Ruf als Komplettanbieter f\u00fcr Konferenz-, Pr\u00e4sentations- und Medientechnik, Digital Signage und dedizierte Education-Solutions.<\/p>\n\n\n\n<p>Kindermann vertreibt als Hersteller und Distributor ausschlie\u00dflich \u00fcber den qualifizierten Fachhandel. Handelspartner werden mit kompetenter Beratung, individueller Projektunterst\u00fctzung unterst\u00fctzt &#8211; von der Planung bis zur Ausstattung und Integration. Attraktive Sonderleistungen runden das Portfolio ab.<\/p>\n\n\n\n<div style=\"height:70px\" aria-hidden=\"true\" class=\"wp-block-spacer\"><\/div>\n\n\n\t<\/div>\n<\/div>\n\n\n<div class=\"video_teaser video_teaser_inline video_teaser_controls_ box_ box_  \">\n\t\t<div class=\"video_wrapper\">\n\t\t<div class=\"video_teaser_text image_teaser_text\">\n\t\t\t\t\t<\/div>\n\t\t\t\t\t\t\t<span class=\"video_play_button\"><span><\/span><\/span>\n\t\t\t\t<video preload=\"auto\" class=\"video_teaser_video\" playsinline    poster=\"\" src=\"https:\/\/www.kindermann.de\/company\/wp-content\/uploads\/2022\/09\/Web_Teaser_21.mp4\"><\/video>\n\t<\/div>\n<\/div>\n<!-- video-js vjs-default-skin -->\n","protected":false},"excerpt":{"rendered":"<p>\u2026 das Unternehmen Kindermann, gegr\u00fcndet 1861, ist das \u00e4lteste Unternehmen in der Pro AV-Branche und z\u00e4hlt heute zu den f\u00fchrenden &#8230;<\/p>\n","protected":false},"author":3,"featured_media":0,"parent":0,"menu_order":0,"comment_status":"closed","ping_status":"closed","template":"","meta":{"_acf_changed":false,"footnotes":""},"class_list":["post-620","page","type-page","status-publish","format-standard","hentry"],"acf":[],"yoast_head":"<!-- This site is optimized with the Yoast SEO plugin v27.4 - https:\/\/yoast.com\/product\/yoast-seo-wordpress\/ -->\n<title>Unternehmen - Kindermann GmbH<\/title>\n<meta name=\"description\" content=\"Kindermann, gegr\u00fcndet 1861, ist das \u00e4lteste Unternehmen in der Pro AV-Branche und z\u00e4hlt heute zu den f\u00fchrenden Anbietern.\" \/>\n<meta name=\"robots\" content=\"index, follow, max-snippet:-1, max-image-preview:large, max-video-preview:-1\" \/>\n<link rel=\"canonical\" href=\"https:\/\/www.kindermann.de\/company\/unternehmen\/\" \/>\n<meta property=\"og:locale\" content=\"de_DE\" \/>\n<meta property=\"og:type\" content=\"article\" \/>\n<meta property=\"og:title\" content=\"Unternehmen - Kindermann GmbH\" \/>\n<meta property=\"og:description\" content=\"Kindermann, gegr\u00fcndet 1861, ist das \u00e4lteste Unternehmen in der Pro AV-Branche und z\u00e4hlt heute zu den f\u00fchrenden Anbietern.\" \/>\n<meta property=\"og:url\" content=\"https:\/\/www.kindermann.de\/company\/unternehmen\/\" \/>\n<meta property=\"og:site_name\" content=\"Kindermann GmbH\" \/>\n<meta property=\"article:publisher\" content=\"https:\/\/www.facebook.com\/KindermannGmbH\/\" \/>\n<meta property=\"article:modified_time\" content=\"2022-12-20T14:28:10+00:00\" \/>\n<meta name=\"twitter:card\" content=\"summary_large_image\" \/>\n<meta name=\"twitter:label1\" content=\"Gesch\u00e4tzte Lesezeit\" \/>\n\t<meta name=\"twitter:data1\" content=\"2\u00a0Minuten\" \/>\n<script type=\"application\/ld+json\" class=\"yoast-schema-graph\">{\"@context\":\"https:\\\/\\\/schema.org\",\"@graph\":[{\"@type\":\"WebPage\",\"@id\":\"https:\\\/\\\/www.kindermann.de\\\/company\\\/unternehmen\\\/\",\"url\":\"https:\\\/\\\/www.kindermann.de\\\/company\\\/unternehmen\\\/\",\"name\":\"Unternehmen - Kindermann GmbH\",\"isPartOf\":{\"@id\":\"https:\\\/\\\/www.kindermann.de\\\/company\\\/#website\"},\"datePublished\":\"2022-09-08T15:45:16+00:00\",\"dateModified\":\"2022-12-20T14:28:10+00:00\",\"description\":\"Kindermann, gegr\u00fcndet 1861, ist das \u00e4lteste Unternehmen in der Pro AV-Branche und z\u00e4hlt heute zu den f\u00fchrenden Anbietern.\",\"breadcrumb\":{\"@id\":\"https:\\\/\\\/www.kindermann.de\\\/company\\\/unternehmen\\\/#breadcrumb\"},\"inLanguage\":\"de\",\"potentialAction\":[{\"@type\":\"ReadAction\",\"target\":[\"https:\\\/\\\/www.kindermann.de\\\/company\\\/unternehmen\\\/\"]}]},{\"@type\":\"BreadcrumbList\",\"@id\":\"https:\\\/\\\/www.kindermann.de\\\/company\\\/unternehmen\\\/#breadcrumb\",\"itemListElement\":[{\"@type\":\"ListItem\",\"position\":1,\"name\":\"Startseite\",\"item\":\"https:\\\/\\\/www.kindermann.de\\\/company\\\/\"},{\"@type\":\"ListItem\",\"position\":2,\"name\":\"Unternehmen\"}]},{\"@type\":\"WebSite\",\"@id\":\"https:\\\/\\\/www.kindermann.de\\\/company\\\/#website\",\"url\":\"https:\\\/\\\/www.kindermann.de\\\/company\\\/\",\"name\":\"Kindermann GmbH\",\"description\":\"\",\"publisher\":{\"@id\":\"https:\\\/\\\/www.kindermann.de\\\/company\\\/#organization\"},\"potentialAction\":[{\"@type\":\"SearchAction\",\"target\":{\"@type\":\"EntryPoint\",\"urlTemplate\":\"https:\\\/\\\/www.kindermann.de\\\/company\\\/?s={search_term_string}\"},\"query-input\":{\"@type\":\"PropertyValueSpecification\",\"valueRequired\":true,\"valueName\":\"search_term_string\"}}],\"inLanguage\":\"de\"},{\"@type\":\"Organization\",\"@id\":\"https:\\\/\\\/www.kindermann.de\\\/company\\\/#organization\",\"name\":\"Kindermann GmbH\",\"url\":\"https:\\\/\\\/www.kindermann.de\\\/company\\\/\",\"logo\":{\"@type\":\"ImageObject\",\"inLanguage\":\"de\",\"@id\":\"https:\\\/\\\/www.kindermann.de\\\/company\\\/#\\\/schema\\\/logo\\\/image\\\/\",\"url\":\"https:\\\/\\\/www.kindermann.de\\\/company\\\/wp-content\\\/uploads\\\/2022\\\/10\\\/Kindermann_Logo_300_100.png\",\"contentUrl\":\"https:\\\/\\\/www.kindermann.de\\\/company\\\/wp-content\\\/uploads\\\/2022\\\/10\\\/Kindermann_Logo_300_100.png\",\"width\":300,\"height\":100,\"caption\":\"Kindermann GmbH\"},\"image\":{\"@id\":\"https:\\\/\\\/www.kindermann.de\\\/company\\\/#\\\/schema\\\/logo\\\/image\\\/\"},\"sameAs\":[\"https:\\\/\\\/www.facebook.com\\\/KindermannGmbH\\\/\",\"https:\\\/\\\/www.xing.com\\\/pages\\\/kindermanngmbh\",\"https:\\\/\\\/www.linkedin.com\\\/company\\\/kindermann-gmbh\"]}]}<\/script>\n<!-- \/ Yoast SEO plugin. -->","yoast_head_json":{"title":"Unternehmen - Kindermann GmbH","description":"Kindermann, gegr\u00fcndet 1861, ist das \u00e4lteste Unternehmen in der Pro AV-Branche und z\u00e4hlt heute zu den f\u00fchrenden Anbietern.","robots":{"index":"index","follow":"follow","max-snippet":"max-snippet:-1","max-image-preview":"max-image-preview:large","max-video-preview":"max-video-preview:-1"},"canonical":"https:\/\/www.kindermann.de\/company\/unternehmen\/","og_locale":"de_DE","og_type":"article","og_title":"Unternehmen - Kindermann GmbH","og_description":"Kindermann, gegr\u00fcndet 1861, ist das \u00e4lteste Unternehmen in der Pro AV-Branche und z\u00e4hlt heute zu den f\u00fchrenden Anbietern.","og_url":"https:\/\/www.kindermann.de\/company\/unternehmen\/","og_site_name":"Kindermann GmbH","article_publisher":"https:\/\/www.facebook.com\/KindermannGmbH\/","article_modified_time":"2022-12-20T14:28:10+00:00","twitter_card":"summary_large_image","twitter_misc":{"Gesch\u00e4tzte Lesezeit":"2\u00a0Minuten"},"schema":{"@context":"https:\/\/schema.org","@graph":[{"@type":"WebPage","@id":"https:\/\/www.kindermann.de\/company\/unternehmen\/","url":"https:\/\/www.kindermann.de\/company\/unternehmen\/","name":"Unternehmen - Kindermann GmbH","isPartOf":{"@id":"https:\/\/www.kindermann.de\/company\/#website"},"datePublished":"2022-09-08T15:45:16+00:00","dateModified":"2022-12-20T14:28:10+00:00","description":"Kindermann, gegr\u00fcndet 1861, ist das \u00e4lteste Unternehmen in der Pro AV-Branche und z\u00e4hlt heute zu den f\u00fchrenden Anbietern.","breadcrumb":{"@id":"https:\/\/www.kindermann.de\/company\/unternehmen\/#breadcrumb"},"inLanguage":"de","potentialAction":[{"@type":"ReadAction","target":["https:\/\/www.kindermann.de\/company\/unternehmen\/"]}]},{"@type":"BreadcrumbList","@id":"https:\/\/www.kindermann.de\/company\/unternehmen\/#breadcrumb","itemListElement":[{"@type":"ListItem","position":1,"name":"Startseite","item":"https:\/\/www.kindermann.de\/company\/"},{"@type":"ListItem","position":2,"name":"Unternehmen"}]},{"@type":"WebSite","@id":"https:\/\/www.kindermann.de\/company\/#website","url":"https:\/\/www.kindermann.de\/company\/","name":"Kindermann GmbH","description":"","publisher":{"@id":"https:\/\/www.kindermann.de\/company\/#organization"},"potentialAction":[{"@type":"SearchAction","target":{"@type":"EntryPoint","urlTemplate":"https:\/\/www.kindermann.de\/company\/?s={search_term_string}"},"query-input":{"@type":"PropertyValueSpecification","valueRequired":true,"valueName":"search_term_string"}}],"inLanguage":"de"},{"@type":"Organization","@id":"https:\/\/www.kindermann.de\/company\/#organization","name":"Kindermann GmbH","url":"https:\/\/www.kindermann.de\/company\/","logo":{"@type":"ImageObject","inLanguage":"de","@id":"https:\/\/www.kindermann.de\/company\/#\/schema\/logo\/image\/","url":"https:\/\/www.kindermann.de\/company\/wp-content\/uploads\/2022\/10\/Kindermann_Logo_300_100.png","contentUrl":"https:\/\/www.kindermann.de\/company\/wp-content\/uploads\/2022\/10\/Kindermann_Logo_300_100.png","width":300,"height":100,"caption":"Kindermann GmbH"},"image":{"@id":"https:\/\/www.kindermann.de\/company\/#\/schema\/logo\/image\/"},"sameAs":["https:\/\/www.facebook.com\/KindermannGmbH\/","https:\/\/www.xing.com\/pages\/kindermanngmbh","https:\/\/www.linkedin.com\/company\/kindermann-gmbh"]}]}},"_links":{"self":[{"href":"https:\/\/www.kindermann.de\/company\/wp-json\/wp\/v2\/pages\/620","targetHints":{"allow":["GET"]}}],"collection":[{"href":"https:\/\/www.kindermann.de\/company\/wp-json\/wp\/v2\/pages"}],"about":[{"href":"https:\/\/www.kindermann.de\/company\/wp-json\/wp\/v2\/types\/page"}],"author":[{"embeddable":true,"href":"https:\/\/www.kindermann.de\/company\/wp-json\/wp\/v2\/users\/3"}],"replies":[{"embeddable":true,"href":"https:\/\/www.kindermann.de\/company\/wp-json\/wp\/v2\/comments?post=620"}],"version-history":[{"count":14,"href":"https:\/\/www.kindermann.de\/company\/wp-json\/wp\/v2\/pages\/620\/revisions"}],"predecessor-version":[{"id":5232,"href":"https:\/\/www.kindermann.de\/company\/wp-json\/wp\/v2\/pages\/620\/revisions\/5232"}],"wp:attachment":[{"href":"https:\/\/www.kindermann.de\/company\/wp-json\/wp\/v2\/media?parent=620"}],"curies":[{"name":"wp","href":"https:\/\/api.w.org\/{rel}","templated":true}]}}