{"id":1699,"date":"2022-09-15T17:19:41","date_gmt":"2022-09-15T15:19:41","guid":{"rendered":"https:\/\/www.kindermann.de\/wp\/?page_id=1699"},"modified":"2022-12-20T17:32:47","modified_gmt":"2022-12-20T16:32:47","slug":"ausschreibungstexte","status":"publish","type":"page","link":"https:\/\/www.kindermann.de\/company\/newsroom\/medien-center\/ausschreibungstexte\/","title":{"rendered":"Ausschreibungstexte"},"content":{"rendered":"<div class=\"sticky_on_header\">\n\t<div class=\"container\">\n\t\t<div class=\"subnav\">\n\t\t\t<h4>\n\t\t\t\tMedien-Center\t\t\t<\/h4>\n\t\t\t<ul class=\"filter_list\">\n\n\t\t\t\t\n\t\t\t\t\n\t\t\t\t\t\t\t\t\t\t\t\t\t\t<li class=\"\"><a href=\"https:\/\/www.kindermann.de\/company\/newsroom\/medien-center\/pressemeldungen\/\">Pressemeldungen<\/a><\/li>\n\t\t\t\t\t\t\t\t\t\t<li class=\"\"><a href=\"https:\/\/www.kindermann.de\/company\/newsroom\/medien-center\/marke-kindermann\/\">Marke-Kindermann<\/a><\/li>\n\t\t\t\t\t\t\t\t\t\t<li class=\"\"><a href=\"https:\/\/www.kindermann.de\/company\/newsroom\/medien-center\/medien-services\/\">Medien-Services<\/a><\/li>\n\t\t\t\t\t\t\t\t\t\t<li class=\"\"><a href=\"https:\/\/www.kindermann.de\/company\/newsroom\/medien-center\/videos\/\">Videos<\/a><\/li>\n\t\t\t\t\t\t\t\t\t\t<li class=\"active\"><a href=\"https:\/\/www.kindermann.de\/company\/newsroom\/medien-center\/ausschreibungstexte\/\">Ausschreibungstexte<\/a><\/li>\n\t\t\t\t\t\t\t\t\t\t\t\t\t\n\t\t\t\t\t\t\t<\/ul>\n\t\t<\/div>\n\t<\/div>\n<\/div>\n\n\n<div class=\"main_slider_block  \">\n\t\t<div class=\"main_teaser main_teaser_default  main_teaser_slider_dbfdaf6294d717e88a331abb8b4626fa\" data-class=\"main_teaser_slider_dbfdaf6294d717e88a331abb8b4626fa\" data-duration=\"8\">\n\t\t\t\t\t<div class=\"main_slide main_slide_static\">\n\t\t\t\t\t\t\t\t<div class=\"main_slide_gallery main_slide_gallery_81e52eed9a101409447f54a6e97ba21e\" data-class=\"main_slide_gallery_81e52eed9a101409447f54a6e97ba21e\">\n\t\t\t\t<div class=\"main_slide_gallery_slide\"><img decoding=\"async\" width=\"2560\" height=\"985\" src=\"https:\/\/www.kindermann.de\/company\/wp-content\/uploads\/2022\/09\/Ausschreibung-scaled.jpg\" class=\"attachment-full size-full\" alt=\"\" data-desc=\"\" ><\/div>\t\t\t\t<\/div>\n\t\t\t\t<div class=\"main_slide_text_outer main_slide_text_outer_spark_1_l\">\n\t\t\t\t\t<div class=\"main_slide_text main_slide_text_spark_1_l main_slide_text_ main_slide_text_lines_show\">\n\t\t\t\t\t\t<div class=\"main_slide_text_angle_h\"><\/div>\n\t\t\t\t\t\t<div class=\"main_slide_text_angle_v\"><\/div>\n\t\t\t\t\t\t<div class=\"main_slide_text_inner\">\n\t\t\t\t\t\t\t\n\t\t\t\t\t\t\t<p><span style=\"color: #e80029\"><strong>Kindermann Service<\/strong><\/span><\/p>\n<h2>Wir unterst\u00fctzen Sie bei Ihrer Ausschreibung<\/h2>\n\t\t\t\t\t\t\t\t\t\t\t\t\t\t\n\t\t\t\t\t\t\t\t\t\t\t\t\t<\/div>\n\t\t\t\t\t<\/div>\n\t\t\t\t<\/div>\n\t\t\t<\/div>\n\t\t\t<\/div>\n<\/div>\n\n\n<div class=\"text_group text_group_ box_ box_\" id=\"  \">\n\t<div class=\"text_group_content \">\n\t\t\n\n<p class=\"has-medium-font-size\">Wir wissen, wie viel Zeit die Bearbeitung von Ausschreibungen kostet. Doch gerade bei gro\u00dfen Projekten, vor allem im \u00f6ffentlichen und Bildungssektor, ist dies die erste H\u00fcrde zum Erfolg.<\/p>\n\n\n\n<p>Sie ben\u00f6tigen dabei Unterst\u00fctzung?<\/p>\n\n\n\n<p>Dann sind Sie hier genau richtig!<\/p>\n\n\n\n<p>Wir erleichtern Ihren Arbeitsalltag und stellen Ihnen passendes Textmaterial zu unseren Produkten zur Verf\u00fcgung.<\/p>\n\n\n\t<\/div>\n<\/div>\n\n\n\n<p><\/p>\n\n\n\n<div class=\"contact box_spark_1 box_style_4\">\n\t<div class=\"container\">\n\t\t<div class=\"contact_content\">\n\t\t\t\t\t\t<div class=\"contact_text\">\n\t\t\t\t<div class=\"h2\"><strong>Noch Fragen?<\/strong><\/div>\n\n\t\t\t\t<h3>Sebastian Walther<\/h3>\n\t\t\t\t<!-- wp:paragraph -->\n<p><strong>Teamleiter Vertrieb<\/strong><br>Tel.: +49 (0) 93 03 \/ 9840 \u2013 100<br><a href=\"mailto:s.walther@kindermann.de\" data-type=\"mailto\" data-id=\"mailto:s.walther@kindermann.de\">s.walther@kindermann.de<\/a><\/p>\n<!-- \/wp:paragraph -->\t\t\t<\/div>\n\t\t<\/div>\n\t\t\t<\/div>\n<\/div>\n","protected":false},"excerpt":{"rendered":"","protected":false},"author":3,"featured_media":0,"parent":860,"menu_order":54,"comment_status":"closed","ping_status":"closed","template":"","meta":{"_acf_changed":false,"footnotes":""},"class_list":["post-1699","page","type-page","status-publish","format-standard","hentry"],"acf":[],"yoast_head":"<!-- This site is optimized with the Yoast SEO plugin v26.8 - https:\/\/yoast.com\/product\/yoast-seo-wordpress\/ -->\n<title>Ausschreibungstexte - Kindermann GmbH<\/title>\n<meta name=\"description\" content=\"Wir wissen, wie viel Zeit die Bearbeitung von Ausschreibungen kostet. Wir unterst\u00fctzen Sie bei Ihrer Ausschreibung.\" \/>\n<meta name=\"robots\" content=\"index, follow, max-snippet:-1, max-image-preview:large, max-video-preview:-1\" \/>\n<link rel=\"canonical\" href=\"https:\/\/www.kindermann.de\/company\/newsroom\/medien-center\/ausschreibungstexte\/\" \/>\n<meta property=\"og:locale\" content=\"de_DE\" \/>\n<meta property=\"og:type\" content=\"article\" \/>\n<meta property=\"og:title\" content=\"Ausschreibungstexte - Kindermann GmbH\" \/>\n<meta property=\"og:description\" content=\"Wir wissen, wie viel Zeit die Bearbeitung von Ausschreibungen kostet. Wir unterst\u00fctzen Sie bei Ihrer Ausschreibung.\" \/>\n<meta property=\"og:url\" content=\"https:\/\/www.kindermann.de\/company\/newsroom\/medien-center\/ausschreibungstexte\/\" \/>\n<meta property=\"og:site_name\" content=\"Kindermann GmbH\" \/>\n<meta property=\"article:publisher\" content=\"https:\/\/www.facebook.com\/KindermannGmbH\/\" \/>\n<meta property=\"article:modified_time\" content=\"2022-12-20T16:32:47+00:00\" \/>\n<meta name=\"twitter:card\" content=\"summary_large_image\" \/>\n<meta name=\"twitter:label1\" content=\"Gesch\u00e4tzte Lesezeit\" \/>\n\t<meta name=\"twitter:data1\" content=\"1\u00a0Minute\" \/>\n<script type=\"application\/ld+json\" class=\"yoast-schema-graph\">{\"@context\":\"https:\/\/schema.org\",\"@graph\":[{\"@type\":\"WebPage\",\"@id\":\"https:\/\/www.kindermann.de\/company\/newsroom\/medien-center\/ausschreibungstexte\/\",\"url\":\"https:\/\/www.kindermann.de\/company\/newsroom\/medien-center\/ausschreibungstexte\/\",\"name\":\"Ausschreibungstexte - Kindermann GmbH\",\"isPartOf\":{\"@id\":\"https:\/\/www.kindermann.de\/company\/#website\"},\"datePublished\":\"2022-09-15T15:19:41+00:00\",\"dateModified\":\"2022-12-20T16:32:47+00:00\",\"description\":\"Wir wissen, wie viel Zeit die Bearbeitung von Ausschreibungen kostet. Wir unterst\u00fctzen Sie bei Ihrer Ausschreibung.\",\"breadcrumb\":{\"@id\":\"https:\/\/www.kindermann.de\/company\/newsroom\/medien-center\/ausschreibungstexte\/#breadcrumb\"},\"inLanguage\":\"de\",\"potentialAction\":[{\"@type\":\"ReadAction\",\"target\":[\"https:\/\/www.kindermann.de\/company\/newsroom\/medien-center\/ausschreibungstexte\/\"]}]},{\"@type\":\"BreadcrumbList\",\"@id\":\"https:\/\/www.kindermann.de\/company\/newsroom\/medien-center\/ausschreibungstexte\/#breadcrumb\",\"itemListElement\":[{\"@type\":\"ListItem\",\"position\":1,\"name\":\"Startseite\",\"item\":\"https:\/\/www.kindermann.de\/company\/\"},{\"@type\":\"ListItem\",\"position\":2,\"name\":\"Newsroom\",\"item\":\"https:\/\/www.kindermann.de\/company\/newsroom\/\"},{\"@type\":\"ListItem\",\"position\":3,\"name\":\"Medien-Center\",\"item\":\"https:\/\/www.kindermann.de\/company\/newsroom\/medien-center\/\"},{\"@type\":\"ListItem\",\"position\":4,\"name\":\"Ausschreibungstexte\"}]},{\"@type\":\"WebSite\",\"@id\":\"https:\/\/www.kindermann.de\/company\/#website\",\"url\":\"https:\/\/www.kindermann.de\/company\/\",\"name\":\"Kindermann GmbH\",\"description\":\"\",\"publisher\":{\"@id\":\"https:\/\/www.kindermann.de\/company\/#organization\"},\"potentialAction\":[{\"@type\":\"SearchAction\",\"target\":{\"@type\":\"EntryPoint\",\"urlTemplate\":\"https:\/\/www.kindermann.de\/company\/?s={search_term_string}\"},\"query-input\":{\"@type\":\"PropertyValueSpecification\",\"valueRequired\":true,\"valueName\":\"search_term_string\"}}],\"inLanguage\":\"de\"},{\"@type\":\"Organization\",\"@id\":\"https:\/\/www.kindermann.de\/company\/#organization\",\"name\":\"Kindermann GmbH\",\"url\":\"https:\/\/www.kindermann.de\/company\/\",\"logo\":{\"@type\":\"ImageObject\",\"inLanguage\":\"de\",\"@id\":\"https:\/\/www.kindermann.de\/company\/#\/schema\/logo\/image\/\",\"url\":\"https:\/\/www.kindermann.de\/company\/wp-content\/uploads\/2022\/10\/Kindermann_Logo_300_100.png\",\"contentUrl\":\"https:\/\/www.kindermann.de\/company\/wp-content\/uploads\/2022\/10\/Kindermann_Logo_300_100.png\",\"width\":300,\"height\":100,\"caption\":\"Kindermann GmbH\"},\"image\":{\"@id\":\"https:\/\/www.kindermann.de\/company\/#\/schema\/logo\/image\/\"},\"sameAs\":[\"https:\/\/www.facebook.com\/KindermannGmbH\/\",\"https:\/\/www.xing.com\/pages\/kindermanngmbh\",\"https:\/\/www.linkedin.com\/company\/kindermann-gmbh\"]}]}<\/script>\n<!-- \/ Yoast SEO plugin. -->","yoast_head_json":{"title":"Ausschreibungstexte - Kindermann GmbH","description":"Wir wissen, wie viel Zeit die Bearbeitung von Ausschreibungen kostet. Wir unterst\u00fctzen Sie bei Ihrer Ausschreibung.","robots":{"index":"index","follow":"follow","max-snippet":"max-snippet:-1","max-image-preview":"max-image-preview:large","max-video-preview":"max-video-preview:-1"},"canonical":"https:\/\/www.kindermann.de\/company\/newsroom\/medien-center\/ausschreibungstexte\/","og_locale":"de_DE","og_type":"article","og_title":"Ausschreibungstexte - Kindermann GmbH","og_description":"Wir wissen, wie viel Zeit die Bearbeitung von Ausschreibungen kostet. Wir unterst\u00fctzen Sie bei Ihrer Ausschreibung.","og_url":"https:\/\/www.kindermann.de\/company\/newsroom\/medien-center\/ausschreibungstexte\/","og_site_name":"Kindermann GmbH","article_publisher":"https:\/\/www.facebook.com\/KindermannGmbH\/","article_modified_time":"2022-12-20T16:32:47+00:00","twitter_card":"summary_large_image","twitter_misc":{"Gesch\u00e4tzte Lesezeit":"1\u00a0Minute"},"schema":{"@context":"https:\/\/schema.org","@graph":[{"@type":"WebPage","@id":"https:\/\/www.kindermann.de\/company\/newsroom\/medien-center\/ausschreibungstexte\/","url":"https:\/\/www.kindermann.de\/company\/newsroom\/medien-center\/ausschreibungstexte\/","name":"Ausschreibungstexte - Kindermann GmbH","isPartOf":{"@id":"https:\/\/www.kindermann.de\/company\/#website"},"datePublished":"2022-09-15T15:19:41+00:00","dateModified":"2022-12-20T16:32:47+00:00","description":"Wir wissen, wie viel Zeit die Bearbeitung von Ausschreibungen kostet. Wir unterst\u00fctzen Sie bei Ihrer Ausschreibung.","breadcrumb":{"@id":"https:\/\/www.kindermann.de\/company\/newsroom\/medien-center\/ausschreibungstexte\/#breadcrumb"},"inLanguage":"de","potentialAction":[{"@type":"ReadAction","target":["https:\/\/www.kindermann.de\/company\/newsroom\/medien-center\/ausschreibungstexte\/"]}]},{"@type":"BreadcrumbList","@id":"https:\/\/www.kindermann.de\/company\/newsroom\/medien-center\/ausschreibungstexte\/#breadcrumb","itemListElement":[{"@type":"ListItem","position":1,"name":"Startseite","item":"https:\/\/www.kindermann.de\/company\/"},{"@type":"ListItem","position":2,"name":"Newsroom","item":"https:\/\/www.kindermann.de\/company\/newsroom\/"},{"@type":"ListItem","position":3,"name":"Medien-Center","item":"https:\/\/www.kindermann.de\/company\/newsroom\/medien-center\/"},{"@type":"ListItem","position":4,"name":"Ausschreibungstexte"}]},{"@type":"WebSite","@id":"https:\/\/www.kindermann.de\/company\/#website","url":"https:\/\/www.kindermann.de\/company\/","name":"Kindermann GmbH","description":"","publisher":{"@id":"https:\/\/www.kindermann.de\/company\/#organization"},"potentialAction":[{"@type":"SearchAction","target":{"@type":"EntryPoint","urlTemplate":"https:\/\/www.kindermann.de\/company\/?s={search_term_string}"},"query-input":{"@type":"PropertyValueSpecification","valueRequired":true,"valueName":"search_term_string"}}],"inLanguage":"de"},{"@type":"Organization","@id":"https:\/\/www.kindermann.de\/company\/#organization","name":"Kindermann GmbH","url":"https:\/\/www.kindermann.de\/company\/","logo":{"@type":"ImageObject","inLanguage":"de","@id":"https:\/\/www.kindermann.de\/company\/#\/schema\/logo\/image\/","url":"https:\/\/www.kindermann.de\/company\/wp-content\/uploads\/2022\/10\/Kindermann_Logo_300_100.png","contentUrl":"https:\/\/www.kindermann.de\/company\/wp-content\/uploads\/2022\/10\/Kindermann_Logo_300_100.png","width":300,"height":100,"caption":"Kindermann GmbH"},"image":{"@id":"https:\/\/www.kindermann.de\/company\/#\/schema\/logo\/image\/"},"sameAs":["https:\/\/www.facebook.com\/KindermannGmbH\/","https:\/\/www.xing.com\/pages\/kindermanngmbh","https:\/\/www.linkedin.com\/company\/kindermann-gmbh"]}]}},"_links":{"self":[{"href":"https:\/\/www.kindermann.de\/company\/wp-json\/wp\/v2\/pages\/1699","targetHints":{"allow":["GET"]}}],"collection":[{"href":"https:\/\/www.kindermann.de\/company\/wp-json\/wp\/v2\/pages"}],"about":[{"href":"https:\/\/www.kindermann.de\/company\/wp-json\/wp\/v2\/types\/page"}],"author":[{"embeddable":true,"href":"https:\/\/www.kindermann.de\/company\/wp-json\/wp\/v2\/users\/3"}],"replies":[{"embeddable":true,"href":"https:\/\/www.kindermann.de\/company\/wp-json\/wp\/v2\/comments?post=1699"}],"version-history":[{"count":21,"href":"https:\/\/www.kindermann.de\/company\/wp-json\/wp\/v2\/pages\/1699\/revisions"}],"predecessor-version":[{"id":5277,"href":"https:\/\/www.kindermann.de\/company\/wp-json\/wp\/v2\/pages\/1699\/revisions\/5277"}],"up":[{"embeddable":true,"href":"https:\/\/www.kindermann.de\/company\/wp-json\/wp\/v2\/pages\/860"}],"wp:attachment":[{"href":"https:\/\/www.kindermann.de\/company\/wp-json\/wp\/v2\/media?parent=1699"}],"curies":[{"name":"wp","href":"https:\/\/api.w.org\/{rel}","templated":true}]}}