{"id":14611,"date":"2025-05-27T12:51:09","date_gmt":"2025-05-27T10:51:09","guid":{"rendered":"https:\/\/www.kindermann.de\/company\/?page_id=14611"},"modified":"2025-06-23T15:17:54","modified_gmt":"2025-06-23T13:17:54","slug":"dealer-registration","status":"publish","type":"page","link":"https:\/\/www.kindermann.de\/company\/dealer-registration\/","title":{"rendered":"H\u00e4ndler-Registrierung"},"content":{"rendered":"<div class=\"main_slider_block  \">\n\t\t<div class=\"main_teaser main_teaser_default  main_teaser_slider_98a7feb5352381ed362c9a9af32bfbfe\" data-class=\"main_teaser_slider_98a7feb5352381ed362c9a9af32bfbfe\" data-duration=\"8\">\n\t\t\t\t\t<div class=\"main_slide main_slide_static\">\n\t\t\t\t\t\t\t\t<div class=\"main_slide_gallery main_slide_gallery_159ce950821a88a81b2ffc1a16cf7eee\" data-class=\"main_slide_gallery_159ce950821a88a81b2ffc1a16cf7eee\">\n\t\t\t\t<div class=\"main_slide_gallery_slide\"><img decoding=\"async\" width=\"2500\" height=\"962\" src=\"https:\/\/www.kindermann.de\/company\/wp-content\/uploads\/2025\/05\/partner_akkreditierung.jpg\" class=\"attachment-full size-full\" alt=\"\" data-desc=\"\" ><\/div>\t\t\t\t<\/div>\n\t\t\t\t<div class=\"main_slide_text_outer main_slide_text_outer_spark_1_r\">\n\t\t\t\t\t<div class=\"main_slide_text main_slide_text_spark_1_r main_slide_text_white main_slide_text_lines_show\">\n\t\t\t\t\t\t<div class=\"main_slide_text_angle_h\"><\/div>\n\t\t\t\t\t\t<div class=\"main_slide_text_angle_v\"><\/div>\n\t\t\t\t\t\t<div class=\"main_slide_text_inner\">\n\t\t\t\t\t\t\t\n\t\t\t\t\t\t\t<h1 style=\"text-align: right\">H\u00e4ndler-<br >\nRegistrierung<\/h1>\n\t\t\t\t\t\t\t\t\t\t\t\t\t\t\n\t\t\t\t\t\t\t\t\t\t\t\t\t<\/div>\n\t\t\t\t\t<\/div>\n\t\t\t\t<\/div>\n\t\t\t<\/div>\n\t\t\t<\/div>\n<\/div>\n\n\n\n<div style=\"height:60px\" aria-hidden=\"true\" class=\"wp-block-spacer\"><\/div>\n\n\n\n<div class=\"wp-block-group only_de\"><div class=\"wp-block-group__inner-container is-layout-constrained wp-block-group-is-layout-constrained\"><\/div><\/div>\n\n\n\n<div class=\"wp-block-group only_en\"><div class=\"wp-block-group__inner-container is-layout-constrained wp-block-group-is-layout-constrained\"><\/div><\/div>\n\n\n\n<div style=\"height:60px\" aria-hidden=\"true\" class=\"wp-block-spacer\"><\/div>\n\n\n<div class=\"text_group text_group_narrow box_ box_\" id=\"  \">\n\t<div class=\"text_group_content \">\n\t\t\n\n<h3 class=\"wp-block-heading\"><strong>Vertrieb ausschlie\u00dflich \u00fcber den Fach- und Gro\u00dfhandel<\/strong><\/h3>\n\n\n\n<p><strong>Unsere Produkte vertreiben wir national und international ausschlie\u00dflich \u00fcber den qualifizierten Fachhandel sowie \u00fcber Distributoren.<\/strong><\/p>\n\n\n\n<p>Sie sind H\u00e4ndler oder Distributor und m\u00f6chten regelm\u00e4\u00dfig Informationen, exklusive Inhalte sowie Zugang zu unserem B2B-Shop erhalten? Dann registrieren Sie sich hier:<\/p>\n\n\n\n<div class=\"wp-block-buttons is-layout-flex wp-block-buttons-is-layout-flex\">\n<div class=\"wp-block-button\"><a class=\"wp-block-button__link wp-element-button\" href=\"https:\/\/www.kindermann.de\/account\/login\">jetzt registrieren<\/a><\/div>\n<\/div>\n\n\n\t<\/div>\n<\/div>\n","protected":false},"excerpt":{"rendered":"","protected":false},"author":3,"featured_media":0,"parent":0,"menu_order":0,"comment_status":"closed","ping_status":"closed","template":"","meta":{"_acf_changed":false,"footnotes":""},"class_list":["post-14611","page","type-page","status-publish","format-standard","hentry"],"acf":[],"yoast_head":"<!-- This site is optimized with the Yoast SEO plugin v26.8 - https:\/\/yoast.com\/product\/yoast-seo-wordpress\/ -->\n<title>H\u00e4ndler-Registrierung - Kindermann GmbH<\/title>\n<meta name=\"description\" content=\"Angebote, Produktneuheiten und Innovationen \u2013 wir halten Sie mit dem Kindermann-Newsletter auf dem Laufenden. Jetzt abonnieren. \u00a9 Kindermann 2022.\" \/>\n<meta name=\"robots\" content=\"index, follow, max-snippet:-1, max-image-preview:large, max-video-preview:-1\" \/>\n<link rel=\"canonical\" href=\"https:\/\/www.kindermann.de\/company\/dealer-registration\/\" \/>\n<meta property=\"og:locale\" content=\"de_DE\" \/>\n<meta property=\"og:type\" content=\"article\" \/>\n<meta property=\"og:title\" content=\"H\u00e4ndler-Registrierung - Kindermann GmbH\" \/>\n<meta property=\"og:description\" content=\"Angebote, Produktneuheiten und Innovationen \u2013 wir halten Sie mit dem Kindermann-Newsletter auf dem Laufenden. Jetzt abonnieren. \u00a9 Kindermann 2022.\" \/>\n<meta property=\"og:url\" content=\"https:\/\/www.kindermann.de\/company\/dealer-registration\/\" \/>\n<meta property=\"og:site_name\" content=\"Kindermann GmbH\" \/>\n<meta property=\"article:publisher\" content=\"https:\/\/www.facebook.com\/KindermannGmbH\/\" \/>\n<meta property=\"article:modified_time\" content=\"2025-06-23T13:17:54+00:00\" \/>\n<meta name=\"twitter:card\" content=\"summary_large_image\" \/>\n<meta name=\"twitter:label1\" content=\"Gesch\u00e4tzte Lesezeit\" \/>\n\t<meta name=\"twitter:data1\" content=\"1\u00a0Minute\" \/>\n<script type=\"application\/ld+json\" class=\"yoast-schema-graph\">{\"@context\":\"https:\/\/schema.org\",\"@graph\":[{\"@type\":\"WebPage\",\"@id\":\"https:\/\/www.kindermann.de\/company\/dealer-registration\/\",\"url\":\"https:\/\/www.kindermann.de\/company\/dealer-registration\/\",\"name\":\"H\u00e4ndler-Registrierung - Kindermann GmbH\",\"isPartOf\":{\"@id\":\"https:\/\/www.kindermann.de\/company\/#website\"},\"datePublished\":\"2025-05-27T10:51:09+00:00\",\"dateModified\":\"2025-06-23T13:17:54+00:00\",\"description\":\"Angebote, Produktneuheiten und Innovationen \u2013 wir halten Sie mit dem Kindermann-Newsletter auf dem Laufenden. Jetzt abonnieren. \u00a9 Kindermann 2022.\",\"breadcrumb\":{\"@id\":\"https:\/\/www.kindermann.de\/company\/dealer-registration\/#breadcrumb\"},\"inLanguage\":\"de\",\"potentialAction\":[{\"@type\":\"ReadAction\",\"target\":[\"https:\/\/www.kindermann.de\/company\/dealer-registration\/\"]}]},{\"@type\":\"BreadcrumbList\",\"@id\":\"https:\/\/www.kindermann.de\/company\/dealer-registration\/#breadcrumb\",\"itemListElement\":[{\"@type\":\"ListItem\",\"position\":1,\"name\":\"Startseite\",\"item\":\"https:\/\/www.kindermann.de\/company\/\"},{\"@type\":\"ListItem\",\"position\":2,\"name\":\"H\u00e4ndler-Registrierung\"}]},{\"@type\":\"WebSite\",\"@id\":\"https:\/\/www.kindermann.de\/company\/#website\",\"url\":\"https:\/\/www.kindermann.de\/company\/\",\"name\":\"Kindermann GmbH\",\"description\":\"\",\"publisher\":{\"@id\":\"https:\/\/www.kindermann.de\/company\/#organization\"},\"potentialAction\":[{\"@type\":\"SearchAction\",\"target\":{\"@type\":\"EntryPoint\",\"urlTemplate\":\"https:\/\/www.kindermann.de\/company\/?s={search_term_string}\"},\"query-input\":{\"@type\":\"PropertyValueSpecification\",\"valueRequired\":true,\"valueName\":\"search_term_string\"}}],\"inLanguage\":\"de\"},{\"@type\":\"Organization\",\"@id\":\"https:\/\/www.kindermann.de\/company\/#organization\",\"name\":\"Kindermann GmbH\",\"url\":\"https:\/\/www.kindermann.de\/company\/\",\"logo\":{\"@type\":\"ImageObject\",\"inLanguage\":\"de\",\"@id\":\"https:\/\/www.kindermann.de\/company\/#\/schema\/logo\/image\/\",\"url\":\"https:\/\/www.kindermann.de\/company\/wp-content\/uploads\/2022\/10\/Kindermann_Logo_300_100.png\",\"contentUrl\":\"https:\/\/www.kindermann.de\/company\/wp-content\/uploads\/2022\/10\/Kindermann_Logo_300_100.png\",\"width\":300,\"height\":100,\"caption\":\"Kindermann GmbH\"},\"image\":{\"@id\":\"https:\/\/www.kindermann.de\/company\/#\/schema\/logo\/image\/\"},\"sameAs\":[\"https:\/\/www.facebook.com\/KindermannGmbH\/\",\"https:\/\/www.xing.com\/pages\/kindermanngmbh\",\"https:\/\/www.linkedin.com\/company\/kindermann-gmbh\"]}]}<\/script>\n<!-- \/ Yoast SEO plugin. -->","yoast_head_json":{"title":"H\u00e4ndler-Registrierung - Kindermann GmbH","description":"Angebote, Produktneuheiten und Innovationen \u2013 wir halten Sie mit dem Kindermann-Newsletter auf dem Laufenden. Jetzt abonnieren. \u00a9 Kindermann 2022.","robots":{"index":"index","follow":"follow","max-snippet":"max-snippet:-1","max-image-preview":"max-image-preview:large","max-video-preview":"max-video-preview:-1"},"canonical":"https:\/\/www.kindermann.de\/company\/dealer-registration\/","og_locale":"de_DE","og_type":"article","og_title":"H\u00e4ndler-Registrierung - Kindermann GmbH","og_description":"Angebote, Produktneuheiten und Innovationen \u2013 wir halten Sie mit dem Kindermann-Newsletter auf dem Laufenden. Jetzt abonnieren. \u00a9 Kindermann 2022.","og_url":"https:\/\/www.kindermann.de\/company\/dealer-registration\/","og_site_name":"Kindermann GmbH","article_publisher":"https:\/\/www.facebook.com\/KindermannGmbH\/","article_modified_time":"2025-06-23T13:17:54+00:00","twitter_card":"summary_large_image","twitter_misc":{"Gesch\u00e4tzte Lesezeit":"1\u00a0Minute"},"schema":{"@context":"https:\/\/schema.org","@graph":[{"@type":"WebPage","@id":"https:\/\/www.kindermann.de\/company\/dealer-registration\/","url":"https:\/\/www.kindermann.de\/company\/dealer-registration\/","name":"H\u00e4ndler-Registrierung - Kindermann GmbH","isPartOf":{"@id":"https:\/\/www.kindermann.de\/company\/#website"},"datePublished":"2025-05-27T10:51:09+00:00","dateModified":"2025-06-23T13:17:54+00:00","description":"Angebote, Produktneuheiten und Innovationen \u2013 wir halten Sie mit dem Kindermann-Newsletter auf dem Laufenden. Jetzt abonnieren. \u00a9 Kindermann 2022.","breadcrumb":{"@id":"https:\/\/www.kindermann.de\/company\/dealer-registration\/#breadcrumb"},"inLanguage":"de","potentialAction":[{"@type":"ReadAction","target":["https:\/\/www.kindermann.de\/company\/dealer-registration\/"]}]},{"@type":"BreadcrumbList","@id":"https:\/\/www.kindermann.de\/company\/dealer-registration\/#breadcrumb","itemListElement":[{"@type":"ListItem","position":1,"name":"Startseite","item":"https:\/\/www.kindermann.de\/company\/"},{"@type":"ListItem","position":2,"name":"H\u00e4ndler-Registrierung"}]},{"@type":"WebSite","@id":"https:\/\/www.kindermann.de\/company\/#website","url":"https:\/\/www.kindermann.de\/company\/","name":"Kindermann GmbH","description":"","publisher":{"@id":"https:\/\/www.kindermann.de\/company\/#organization"},"potentialAction":[{"@type":"SearchAction","target":{"@type":"EntryPoint","urlTemplate":"https:\/\/www.kindermann.de\/company\/?s={search_term_string}"},"query-input":{"@type":"PropertyValueSpecification","valueRequired":true,"valueName":"search_term_string"}}],"inLanguage":"de"},{"@type":"Organization","@id":"https:\/\/www.kindermann.de\/company\/#organization","name":"Kindermann GmbH","url":"https:\/\/www.kindermann.de\/company\/","logo":{"@type":"ImageObject","inLanguage":"de","@id":"https:\/\/www.kindermann.de\/company\/#\/schema\/logo\/image\/","url":"https:\/\/www.kindermann.de\/company\/wp-content\/uploads\/2022\/10\/Kindermann_Logo_300_100.png","contentUrl":"https:\/\/www.kindermann.de\/company\/wp-content\/uploads\/2022\/10\/Kindermann_Logo_300_100.png","width":300,"height":100,"caption":"Kindermann GmbH"},"image":{"@id":"https:\/\/www.kindermann.de\/company\/#\/schema\/logo\/image\/"},"sameAs":["https:\/\/www.facebook.com\/KindermannGmbH\/","https:\/\/www.xing.com\/pages\/kindermanngmbh","https:\/\/www.linkedin.com\/company\/kindermann-gmbh"]}]}},"_links":{"self":[{"href":"https:\/\/www.kindermann.de\/company\/wp-json\/wp\/v2\/pages\/14611","targetHints":{"allow":["GET"]}}],"collection":[{"href":"https:\/\/www.kindermann.de\/company\/wp-json\/wp\/v2\/pages"}],"about":[{"href":"https:\/\/www.kindermann.de\/company\/wp-json\/wp\/v2\/types\/page"}],"author":[{"embeddable":true,"href":"https:\/\/www.kindermann.de\/company\/wp-json\/wp\/v2\/users\/3"}],"replies":[{"embeddable":true,"href":"https:\/\/www.kindermann.de\/company\/wp-json\/wp\/v2\/comments?post=14611"}],"version-history":[{"count":4,"href":"https:\/\/www.kindermann.de\/company\/wp-json\/wp\/v2\/pages\/14611\/revisions"}],"predecessor-version":[{"id":14857,"href":"https:\/\/www.kindermann.de\/company\/wp-json\/wp\/v2\/pages\/14611\/revisions\/14857"}],"wp:attachment":[{"href":"https:\/\/www.kindermann.de\/company\/wp-json\/wp\/v2\/media?parent=14611"}],"curies":[{"name":"wp","href":"https:\/\/api.w.org\/{rel}","templated":true}]}}